rue
Is 49970653 a prime number?
False
Is 42718759 prime?
True
Is 4117093 composite?
True
Is 3344611 a composite number?
False
Is 86632339 a composite number?
False
Is 40275881 prime?
False
Is 1553219 prime?
False
Is 152145655 a prime number?
False
Is 969211 a composite number?
True
Is 3891782 a prime number?
False
Is 708887 a composite number?
True
Is 164699257 composite?
True
Is 26312557 a composite number?
False
Is 189013 a composite number?
True
Is 14693297 composite?
True
Is 34344721 a prime number?
False
Is 7661103 a composite number?
True
Is 248008369 prime?
False
Is 6929031 composite?
True
Is 120971 a composite number?
True
Is 808120221 a composite number?
True
Is 7812109 a prime number?
True
Is 29688767 composite?
False
Is 28057 a prime number?
True
Is 30987023 composite?
False
Is 6103789 composite?
False
Is 42267937 composite?
True
Is 35406771 composite?
True
Is 9275533 composite?
True
Is 6565777 a prime number?
True
Is 81652957 a composite number?
True
Is 18624167 a composite number?
False
Is 45313431 composite?
True
Is 867687679 prime?
True
Is 510751 composite?
False
Is 44844193 composite?
False
Is 17784841 a prime number?
True
Is 117101 a prime number?
True
Is 24850541 a composite number?
False
Is 3672719 a composite number?
True
Is 6628847 a composite number?
False
Is 31451 a composite number?
True
Is 90688685 composite?
True
Is 21955399 a prime number?
True
Is 2619335 composite?
True
Is 24990299 a composite number?
False
Is 7114213 a composite number?
False
Is 27177371 a prime number?
False
Is 409619191 prime?
True
Is 2579777 prime?
True
Is 13523873 a prime number?
False
Is 11183671 composite?
True
Is 51986941 a prime number?
True
Is 35831 a composite number?
False
Is 944759 a composite number?
True
Is 23289521 composite?
False
Is 24997273 prime?
False
Is 7768873 a composite number?
True
Is 62822791 a prime number?
True
Is 22252621 composite?
False
Is 19902977 composite?
False
Is 6968271 composite?
True
Is 1093769 prime?
False
Is 544851967 prime?
False
Is 28987393 composite?
True
Is 260570251 prime?
True
Is 257561449 prime?
True
Is 7319737 a prime number?
True
Is 11528701 prime?
True
Is 9006359 a prime number?
True
Is 264976963 prime?
True
Is 6938207 prime?
True
Is 998471 composite?
False
Is 49072733 composite?
True
Is 480191 a composite number?
True
Is 15779407 composite?
True
Is 306415 a prime number?
False
Is 10163611 composite?
True
Is 50325973 composite?
True
Is 20090869 a prime number?
False
Is 36349363 a prime number?
True
Is 9766609 a prime number?
True
Is 853123 prime?
True
Is 39194563 prime?
True
Is 4636003 a prime number?
True
Is 17219207 a composite number?
False
Is 635087449 prime?
False
Is 7224409 a prime number?
False
Is 16414509 a prime number?
False
Is 14326913 a prime number?
True
Is 15243827 prime?
True
Is 830411 a prime number?
True
Is 132492931 composite?
True
Is 418483687 a prime number?
True
Is 9253533 a composite number?
True
Is 2483381 a prime number?
True
Is 768653 composite?
False
Is 92719 a composite number?
True
Is 4306889 a composite number?
False
Is 458119 composite?
False
Is 158718943 a composite number?
True
Is 52770647 a prime number?
True
Is 22346383 composite?
False
Is 10351631 a composite number?
False
Is 13620697 prime?
True
Is 1466891 composite?
True
Is 15882649 prime?
False
Is 298592419 a prime number?
False
Is 17827943 a composite number?
True
Is 155144953 composite?
False
Is 32513479 a composite number?
False
Is 49577 composite?
True
Is 9592049 a prime number?
False
Is 661849 a prime number?
True
Is 2310677 composite?
False
Is 6614849 a prime number?
False
Is 10565861 a prime number?
True
Is 8452439 prime?
True
Is 22790059 a prime number?
True
Is 1279898 a prime number?
False
Is 735131627 a composite number?
False
Is 9154681 prime?
True
Is 23831897 a prime number?
False
Is 10146251 prime?
False
Is 16573894 prime?
False
Is 307454803 prime?
False
Is 20416931 prime?
True
Is 711392179 a prime number?
True
Is 19509821 composite?
False
Is 371409 prime?
False
Is 136600459 prime?
False
Is 1446389 prime?
False
Is 16827947 a prime number?
False
Is 217085311 a prime number?
True
Is 22507321 a composite number?
True
Is 2162297 prime?
True
Is 4750363 a composite number?
False
Is 19259581 composite?
True
Is 96908426 prime?
False
Is 304187 a prime number?
False
Is 137941541 composite?
False
Is 3284639 prime?
True
Is 12611693 composite?
False
Is 10283129 a composite number?
False
Is 1194157 prime?
True
Is 16868161 prime?
True
Is 423749 composite?
False
Is 3332279 a prime number?
True
Is 98872043 prime?
True
Is 753497 prime?
True
Is 323117 a prime number?
False
Is 9679157 prime?
False
Is 16802467 prime?
False
Is 1974151 composite?
True
Is 2308387 a composite number?
False
Is 32160013 composite?
True
Is 107985833 a prime number?
True
Is 66664777 a prime number?
True
Is 21208043 prime?
False
Is 2893523 a prime number?
True
Is 95936299 prime?
False
Is 10946839 a prime number?
False
Is 5339387 a prime number?
True
Is 14931361 a composite number?
False
Is 5708671 prime?
True
Is 64963 prime?
False
Is 19174202 a prime number?
False
Is 10946095 a prime number?
False
Is 377596421 prime?
True
Is 10516349 prime?
False
Is 61510817 a prime number?
True
Is 310547137 a prime number?
False
Is 809699741 prime?
True
Is 2441909 prime?
True
Is 442903 a composite number?
False
Is 12598739 a composite number?
False
Is 1913267 prime?
False
Is 282808105 a composite number?
True
Is 184964291 a composite number?
True
Is 15650059 prime?
True
Is 37950599 a composite number?
False
Is 13837331 a prime number?
False
Is 2163911 composite?
False
Is 2068009 a prime number?
False
Is 3620933 composite?
False
Is 2006866 a prime number?
False
Is 31572511 a composite number?
False
Is 10086931 a composite number?
False
Is 1571377 composite?
False
Is 7665907 prime?
True
Is 97809251 a composite number?
False
Is 1017077 a composite number?
False
Is 19583567 a prime number?
False
Is 46777849 composite?
True
Is 4665235 a composite number?
True
Is 1957729 a prime number?
True
Is 5506357 composite?
True
Is 9463787 a composite number?
True
Is 1721361531 a composite number?
True
Is 3988021 a composite number?
False
Is 226018073 composite?
False
Is 1330023 prime?
False
Is 15817539 a composite number?
True
Is 999809 composite?
False
Is 2866299 a prime number?
False
Is 822543671 prime?
True
Is 4649947 composite?
True
Is 1724501 prime?
False
Is 179525251 a composite number?
True
Is 4794823 prime?
False
Is 9919183 a composite number?
False
Is 402533539 a prime number?
True
Is 24883207 prime?
True
Is 1325173 prime?
True
Is 5676067 a prime number?
True
Is 253703 prime?
True
Is 827440897 a prime number?
False
Is 7895149 composite?
False
Is 431657 composite?
False
Is 19782649 a prime number?
True
Is 2283077 a prime number?
True
Is 2640398 composite?
True
Is 2774883 composite?
True
Is 7838059 composite?
True
Is 1022309 prime?
False
Is 211039 a composite number?
False
Is 50417407 prime?
True
Is 1309713 a prime number?
False
Is 94347221 a prime number?
True
Is 138173019 composite?
True
Is 254729451 a composite number?
True
Is 691787 prime?
True
Is 7318921 a composite number?
False
Is 248584705 a prime number?
False
Is 3824837 a composite number?
False
Is 1150631 a prime number?
True
Is 17616381 a prime number?
False
Is 77177363 composite?
True
Is 54084139 prime?
True
Is 8024509 prime?
True
Is 149317666 a composite number?
True
Is 64264927 composite?
False
Is 22358579 composite?
False
Is 596759 composite?
True
Is 37953791 composite?
False
Is 54048637 composite?
True
Is 1292387 prime?
True
Is 523987 a prime number?
True
Is 9495167 a composite number?
True
Is 157699085 a prime number?
False
Is 162671 composite?
False
Is 32248147 a prime number?
True
Is 4090507 composite?
False
Is 1841479 a composite number?
False
Is 32943523 a prime number?
False
Is 245956699 a composite number?
True
Is 29822851 a prime number?
False
Is 60926401 composite?
False
Is 29352181 composite?
True
Is 4284433 prime?
False
Is 149625227 prime?
False
Is 2395477 composite?
True
Is 129980593 prime?
False
Is 102026957 a composite number?
True
Is 1003307005 a composite number?
True
Is 2123246 a prime number?
False
Is 1669391 a composite number?
False
Is 14940683 composite?
False
Is 9235363 a com